
True
Let u(f) = -5*f**3 + 17*f**2 - 33*f + 50. Let t(h) = -2*h**3 + 9*h**2 - 16*h + 25. Let j(p) = 7*t(p) - 3*u(p). Is j(-10) composite?
True
Let g = 769285 + -401684. Is g composite?
True
Suppose -25184340 = -187*c - 5407743 + 22169186. Is c a prime number?
True
Let l be -16 - 1 - (-7 - (-9 - -4)). Let u(d) = d**2 - 25*d - 178. Is u(l) a prime number?
False
Suppose 0 = -6*g + 3*g - 6, -4*x + 2*g + 16 = 0. Suppose -x*b + v = -64 + 2, -4*v = -5*b + 115. Suppose b*y = 14*y + 1975. Is y prime?
False
Suppose -11279 - 12753 = -4*l. Let h = 1335 + l. Is h a prime number?
False
Let f be 60/6*1/2. Let z be (1 - -5) + -14 + 14 - 3. Suppose -5*d - 3*t + 2*t + 22737 = 0, -z*d + f*t + 13631 = 0. Is d prime?
True
Suppose 3*f - 650 + 10 = -w, 2*f - 2*w - 432 = 0. Suppose f*q + 818 = 215*q. Is q prime?
False
Suppose -7 = l, -63*u + 4*l + 7974394 = -57*u. Is u prime?
True
Suppose 0 = 6*f - 84 + 120. Is (2/f)/((-20)/76620) a composite number?
False
Let o(g) = 61*g**3 + g**2 + 2*g - 5. Let w(i) = -11*i**3 + i + 1. Let m be w(-1). Suppose 5*p - 21 = -y - 2*y, -m = -p - 4*y. Is o(p) a prime number?
True
Suppose l - 145 = 30. Suppose v - l = -607. Let i = -305 - v. Is i a prime number?
True
Let q = -42647 + 136690. Is q a prime number?
False
Let q(k) = 6*k**2 + k - 1. Suppose 0 = 4*y - 84 - 36. Suppose v + y = -2*v. Is q(v) composite?
True
Suppose 6*v - 42 = -v. Let p be ((-1158)/5)/(v/(-30)). Suppose 4*f - 3*y = 1154, -3*f + 5*y = f - p. Is f prime?
False
Let l(b) be the third derivative of -7*b**4/3 - 5*b**3/6 + b**2. Let o be (-3)/(-5) - ((-279)/(-15) - 9). Is l(o) a composite number?
False
Suppose 345 = -8*b + 3*b. Let q(u) = 217*u - 29. Let r be q(1). Let f = r + b. Is f a prime number?
False
Suppose 289*h - 14764 = 285*h. Is h prime?
True
Suppose -413745 = -l + 2*q - 100920, 0 = -2*l + 2*q + 625664. Is l composite?
False
Suppose -3215 = z + 4*z - 5*b, -b = 3*z + 1941. Let o = z - -248. Let d = 933 + o. Is d a composite number?
True
Let l be (-98)/(-20) + (-72)/(-720). Suppose 4*k - 28644 = o, -o + 40445 = l*k + 4631. Is k composite?
True
Let f = 1221342 + -595153. Is f prime?
True
Let x = -704231 - -1195270. Is x composite?
False
Let p be (24/(-5))/(3/(-10)). Suppose 1878 = p*r - 634. Is r a prime number?
True
Suppose -w - 26*b + 28*b = -314921, 0 = -2*w + 2*b + 629848. Is w a prime number?
True
Let m(b) = -624*b - 2777. Is m(-27) a composite number?
False
Suppose 0 = 3*t + 78 - 1365. Suppose -13*x = 26 - t. Is x composite?
False
Let c = -242570 + 457723. Is c composite?
False
Suppose -5*g = -9*g, 4*b + g = 20. Suppose b*o = 14300 + 50165. Is o a prime number?
True
Suppose 2531 = -4*h - 3*u, -4*u + 14 - 2 = 0. Is h*(10 - 6)/(-4) a composite number?
True
Suppose 0 = 5*z - 0*z - 132584 - 31731. Is z a prime number?
False
Suppose -594*n + 601*n = 14392483. Is n prime?
True
Let t(r) = 3150*r**2 + 30*r + 19. Is t(3) a composite number?
True
Suppose -4*u - 110 = 5*f, -5*u - 42 - 1 = f. Is 10/(-45) + (-64282)/f a prime number?
True
Suppose 78 = 22*z - 32. Suppose 2265 = 5*g - 2*k, z*g - 3*k = 2120 + 150. Is g a composite number?
True
Suppose 0 = -4*o + 3*w + 456490, -215*o + 228224 = -213*o - 5*w. Is o prime?
False
Suppose 0 = 4*t + 814 - 866. Is (-18 + t)*-1 - 25732/(-2) a composite number?
True
Let f = 666 - -2424. Suppose f = a - 3979. Is a composite?
False
Let l = 7663 + -5849. Is l a prime number?
False
Suppose 0 = -20*h + 22*h - 12, 0 = 3*z + 5*h - 387363. Is z composite?
True
Suppose 0*t + 3*t = 30. Suppose 0 = -4*i - 3*o + 9, t*i + 4*o = 7*i + 5. Suppose 2*k = 0, -i*f + 2*k + 1664 + 5335 = 0. Is f prime?
True
Let d = 478381 + -301416. Is d a prime number?
False
Suppose 3*n = -w + 54737, 512*w = 509*w - 5*n + 164191. Is w prime?
False
Let y(r) = -3284*r + 1331. Is y(-10) composite?
False
Suppose 257*d - 261*d + 16 = 0, 4*a = d + 258808. Is a a prime number?
False
Suppose -5*o + 696229 = 3*l, 5*l = -17*o + 19*o + 1160361. Is l a prime number?
True
Let j be ((-46106)/2)/(-3*(-9)/(-27)). Let y = -2912 + j. Is y prime?
False
Let a = -336 - -364. Suppose 0 = a*m - 29980 - 5160. Is m a prime number?
False
Let c(a) be the first derivative of -a**4/4 + 16*a**3/3 + 9*a**2/2 - 17*a + 89. Let d(n) = 4*n**2 - 3*n + 2. Let x be d(2). Is c(x) a prime number?
False
Let r be ((-98)/3)/((-8)/36). Suppose s = 494 - r. Is s composite?
False
Is (2 - 0)/((-166)/(-20399159)) a composite number?
True
Let s(c) = 74*c**2 + 6*c + 47. Suppose 0*d - 3*d = -a + 19, 0 = -4*d - 5*a. Is s(d) a prime number?
True
Suppose b = -3*m + 77 + 286, 0 = 3*b + 5*m - 1105. Let a = 472 - b. Is a prime?
True
Suppose -2*r + 7 = 5*r. Suppose 0 = 4*a - 15 - r. Suppose a*u - u - 2*p = 1419, u = -p + 468. Is u composite?
True
Suppose 9*j + 4*j + 40573 = 0. Let d = j - -5888. Is d a composite number?
False
Let k(v) = -v**3 + 11*v**2 + 11*v - 3. Let x be k(11). Let g(i) = i**2 - i - 18. Let d be g(5). Suppose 4*a - d*a = x. Is a composite?
False
Let d(b) = 1904*b**2 - 25*b - 226. Is d(-9) a composite number?
True
Let r(l) be the third derivative of 2719*l**6/120 - l**5/60 + l**4/24 + 36*l**2. Is r(1) a composite number?
False
Suppose -n - 10 = 5*u, 5*u - 4*n + 30 = -n. Let x be (-6574)/8 + u/12. Let d = x + 1291. Is d a prime number?
False
Suppose 1818580 = 914*x - 894*x. Is x a prime number?
False
Let w be (-24)/(-40) + (-3)/5. Suppose w*t - 4*g + 435 = 3*t, 2*t - 290 = 3*g. Is t a prime number?
False
Let q = 7564 + -3350. Suppose 4*c = n - q, n - 3*c = 845 + 3365. Suppose -n = -i - 47. Is i a composite number?
True
Let d = -186671 + 266128. Is d prime?
False
Let w = -6256 + 2326. Let k = -1991 - w. Is k a prime number?
False
Suppose -3*f - 2595 = -8*f. Let s = -547 + 551. Suppose -f = -s*o + 325. Is o a composite number?
False
Suppose -f - 31933 = -5*u, -4*u = -5*u - 5*f + 6397. Is (1*u/(-12))/((-4)/16) a prime number?
True
Suppose -4*n - 996 = -16*n. Suppose -h + 2*a = -61, 3*a + n = 5*h - 208. Is h composite?
True
Is (-339 + 0)*12/((-324)/4113) prime?
False
Let w(v) = 148062*v**3 - 2*v**2 - 8*v + 9. Is w(1) a composite number?
False
Let l = -368155 + 688256. Is l a prime number?
True
Let u be 30/(-15) - (0 + 1)/(-1). Let l be (16/64)/(u/(-20)). Suppose 3*j - l*b - 2182 = 0, -3*j - 2*j - b + 3590 = 0. Is j composite?
False
Suppose 7 = p, 423259 = 2*j - 49*p + 52*p. Is j a composite number?
False
Let f = -23382 - -42899. Is f prime?
False
Suppose 27*d - 6 = 24*d. Suppose 4*l = -4*n + 1916, 0 = -l - d*l - 6. Suppose b + n = 2*b. Is b a composite number?
True
Let n = 2 + 1. Let p(x) = x**2 + 44*x**3 + 4*x - 43*x**n - x - 8. Is p(5) a prime number?
True
Let o(a) = a**3 + 8*a**2 - 36*a + 10. Let r be o(-11). Suppose p = -b + 5 + r, -3*b + 154 = p. Is b a composite number?
False
Let o(s) = s**3 + 3*s**2 - 5*s + 28. Let i = -72 - -85. Let n be o(i). Suppose n = -0*b + 3*b. Is b prime?
False
Let y = -91188 + 162755. Is y prime?
False
Let y(d) = 9*d + 1004. Let u be y(8). Let r(g) = 418*g - 3. Let j be r(7). Let z = j - u. Is z a composite number?
False
Let d(b) be the first derivative of 73*b**5/30 - 37*b**4/24 + 2*b**3/3 + 8*b - 41. Let x(c) be the third derivative of d(c). Is x(3) composite?
False
Suppose -356*w + 18228 = -350*w. Let s = w - 547. Is s prime?
False
Let p(k) = 10*k**3 - 9*k**2 - 15*k - 52. Let i be p(15). Suppose -5*d + a = i - 83301, 5*a = d - 10361. Is d a prime number?
False
Let v be ((-10)/15)/((-2)/(-6)). Is (v - 5) + 9 + 449 composite?
True
Suppose -3*m = -5*s - 12581, -3*m = -6*m - s + 12557. Is m a prime number?
False
Let r(y) = -16*y + 34. Let h be r(2). Is 4/24*20595 - h/(-4) prime?
True
Let p(k) = -k**3 + 39*k**2 - k - 84. Let z = -216 - -251. Is p(z) a composite number?
True
Let q = 403642 + -181739. Is q a prime number?
False
Let q(g) = -2*g - 16. Let r be q(-9). Suppose -2*b - 6 = 0, -l - 17526 = -3*l - r*b. Suppose l = 6*y - 8508. Is y composite?
False
Is (-790)/(-15)*(-7)/(-2)*(-3372)/(-28) prime?
False
Let n(z) = -z**2 + 6. Let b be n(2). Suppose -b*h + 13 + 11 = 0. Suppose 3*j + 7173 = h*j. Is j a prime number?
True
Let y be 1 - (-4 - -2) - 4. Let q be (0 - (-7 + 0)) + (-3)/y. Suppose -q*r - 449 = -13*r + k, 157 = r - 4*k. Is r a composite number?
False
Suppose 4*y - 44447 = 7*y + 4*w, -4*y - 59276 = 2*w. Let m = y + 24894. Is m prime?
False
Let d = 543 + 997. Let t = 5287 